 Let r be i(-2). Calculate the greatest common divisor of 3 and r.
3
Let m(d) = -d**3 - 5*d**2 - 4*d - 5. Let a be m(-5). Let q be ((-18)/12)/(1/(-10)). What is the greatest common divisor of q and a?
15
Let w(m) = m**3 + 43*m**2 + 109*m + 33. Let i be w(-40). What is the highest common factor of 86 and i?
43
Let k be ((-33)/(-44))/(1/4). Suppose 0 - 3 = -h. Suppose h*l - 66 = 2*l + u, -9 = -k*u. Calculate the highest common divisor of 23 and l.
23
Let s = 228 + -84. What is the highest common divisor of s and 216?
72
Let p = -59 - -61. Suppose 5*t + p*t - 133 = 0. What is the greatest common factor of t and 38?
19
Let c be 30 + (-84)/14 + -5. Let g(s) = -s**2 - 6*s - 4. Let b be g(-4). Suppose 0 = -b*m - 0*m + 76. What is the highest common divisor of m and c?
19
Suppose 2*b = -d + 235, d + 119 = b + 2*d. What is the greatest common factor of 87 and b?
29
Let a = -43 + 60. Let x(j) = 4*j - 123. Let i be x(35). Calculate the highest common factor of i and a.
17
Suppose -6137 + 1642 = -31*d. What is the greatest common factor of 87 and d?
29
Suppose 5*v - 5 = -5*l + 5, v - 2 = -5*l. Suppose l = -3*t + 8 - 2. Suppose 6*h - 3*h - 24 = 0. What is the highest common factor of t and h?
2
Let t be ((-4)/(-6))/((-1)/(-33)). Suppose -t*u + 20*u = -180. Let p(f) = 3*f - 9. Let d be p(6). What is the greatest common divisor of d and u?
9
Suppose 4*y - 3*y - 2 = 0. Suppose -y*t - t = -330. Calculate the highest common factor of 22 and t.
22
Suppose -2*s - 6 = -5*b, -b = 2*b + 4*s - 14. Let n be (-5)/(2/(4 - b)). Let t be (36/(-20))/(1/n). What is the greatest common divisor of 9 and t?
9
Let f = 10 - 7. Suppose -f*l - 95 = -2*l - z, -5*l - 479 = -z. Let h be 2/5 - l/10. Calculate the highest common factor of h and 110.
10
Suppose d = -5*j + 11, -5*j - 7*d + 2*d + 15 = 0. Suppose -4*c - 2*w + 355 = 3*w, -j*c = 3*w - 177. What is the greatest common divisor of c and 60?
30
Suppose -5*q + 192 = 3*u, 0 = -3*q + q. Calculate the greatest common divisor of 2 and u.
2
Suppose -2*n = 0, -4*h + 6*h - n = 0. Let u be (4 + -2)*-2*(-3)/6. Suppose -u*t = -h*t - 18. What is the highest common divisor of t and 1?
1
Let p(f) = -f**3 - 2*f**2 + 3*f + 2. Let z be p(-3). Suppose 4*t + 2*c - 36 = 0, 0*t - 24 = -z*t - 4*c. Calculate the highest common divisor of 40 and t.
8
Let m(z) = -z**3 - 30*z**2 + 62*z - 47. Let c be m(-32). What is the highest common divisor of 544 and c?
17
Suppose 17*v - 11*v = 66. What is the greatest common divisor of 77 and v?
11
Suppose 0 = -2*p + v + 185, -5*v = p + 2*p - 245. Let t = p + -36. Calculate the highest common factor of 6 and t.
6
Let f(l) = -l**2 + 17*l + 22. Let y be f(16). What is the highest common divisor of y and 1463?
19
Let p(l) = -2*l - 52. Let c be p(-27). Calculate the greatest common divisor of c and 19.
1
Let r = 28 - 26. Suppose -2*i + 18 = r*u, 0 = -2*i + 3*i + 4*u - 3. What is the highest common factor of 11 and i?
11
Suppose -5*g = -2*a - 321, -230 = -4*g + 2*a + 26. Let m = g + -60. What is the highest common factor of 45 and m?
5
Let g(j) = -5*j + 4. Let f be g(-7). Let p be 10 - 1 - f/13. Let b be 99/p*(-6)/(-9). Calculate the greatest common divisor of b and 11.
11
Let t = -211 - -80. Let b = -91 - t. What is the highest common divisor of 16 and b?
8
Suppose 5*d + 2*g - 168 = 0, 7*d - 3*g = 2*d + 148. Suppose -2*s + 25 = 5*t + 4, 3*s = -4*t + 28. Calculate the greatest common factor of d and s.
8
Let x = 21 - -114. Calculate the greatest common divisor of 9 and x.
9
Suppose 0 = -3*w + 2*y + 220, -w + 99 - 21 = -3*y. What is the greatest common divisor of 468 and w?
36
Let u = -262 - -270. Let q(y) = y + 2. Let f = 4 - -2. Let c be q(f). Calculate the highest common factor of u and c.
8
Suppose 0 = 23*g + 20*g - 1462. Let n = 126 - 75. What is the greatest common divisor of n and g?
17
Let h be (-1 - 1)*(1 - 9). Let u be (19 - h)*(1 - 0). Calculate the greatest common factor of u and 3.
3
Suppose -3*x + 7*x - 256 = 0. Let n(j) = -6*j + 36. Let d be n(-10). Calculate the highest common factor of x and d.
32
Let d = 44 + -32. Suppose -9 = -13*c + d*c. Let s = 57 - -15. What is the greatest common divisor of c and s?
9
Let k = 0 + -12. Let d(g) = g**2 + 11*g - 10. Let h be d(k). Suppose -132 = h*i - 404. Calculate the greatest common divisor of i and 17.
17
Suppose 100 = 9*j - 7*j. Calculate the highest common factor of j and 70.
10
Let k be (-2)/9 - (-10)/45. Suppose 16 = 2*r - k. Let a = 26 + -10. Calculate the highest common factor of r and a.
8
Let v(b) = 3*b**2 - b + 2. Let g be v(-2). Suppose -2*y = l - 59 + 3, -44 = -l - 5*y. What is the highest common divisor of g and l?
16
Let f = -260 - -264. What is the highest common divisor of 36 and f?
4
Let g = -31 - -36. Let h be (-1)/((-3)/81*1). Suppose -2*i + h = -53. What is the greatest common factor of g and i?
5
Suppose 2*o + o - 48 = 0. Let t = -64 - -128. Suppose -s + 5*s = t. Calculate the highest common factor of o and s.
16
Suppose -3*b + 181 = 2*r - 94, 0 = 4*b + r - 375. Let t = b - 79. Calculate the greatest common divisor of t and 16.
16
Let g be ((-8)/(-10))/(5/25). Suppose 2*x + 72 = g*x. What is the highest common factor of 12 and x?
12
Let r be (-3)/(-1) + (2 + 2 - 3). Suppose -5*j + 18 = -2. Suppose j*o = 3*l - 4 - 8, 4*o = -2*l + 8. What is the highest common factor of l and r?
4
Let l = 13 - 11. Let h = 1 - -50. Suppose w - h = 4*p, w - 3*p - 39 = -l*p. What is the highest common factor of w and 5?
5
Suppose 5 = 5*q - 2*b, 0 = -3*q + b - 4*b + 24. Let o = 1543 - 1540. Calculate the highest common divisor of o and q.
3
Suppose -7*b + h = -155, -5*b - 5*h - 49 = -7*b. What is the greatest common factor of b and 11?
11
Let t(g) = g**2 - g + 1. Let v be t(2). Let u(y) = -4 + 3*y + y**2 + v + 7 - 4*y. Let a be u(0). Calculate the highest common divisor of a and 2.
2
Let p be 1/3 + (462/18 - -1). Suppose -p = 8*d - 11*d. What is the highest common factor of 18 and d?
9
Suppose 2*q - 81 = -27. Suppose i = -b + 2*b + 6, 4*i - 5*b = q. Let n(u) = 7*u**2 - 4*u + 4. Let j be n(i). Calculate the greatest common factor of j and 5.
5
Let u = 68 - 59. Suppose -2*j + 37 = u. Calculate the highest common divisor of 42 and j.
14
Let q be 95/10 + (-2)/(-4). Suppose -q = -d + 14. Suppose 3*i - d = 4*v + 20, -3*i + v = -47. What is the greatest common factor of i and 64?
16
Let q be 4/22 + 31/11. Let b = q + 3. Let p(l) = l**2 - l + 1. Let v be p(0). What is the greatest common divisor of b and v?
1
Let y(b) = -b**3 + b**2 + 15*b + 19. Let a be y(-5). Calculate the highest common divisor of 94 and a.
94
Let f = -896 + 950. What is the greatest common divisor of f and 8?
2
Suppose -5*k + m = -662, k - 6*k - 3*m = -674. Let r be 304 - (4 - (12/(-4) - -7)). Suppose 0*a = 16*a - r. Calculate the greatest common factor of k and a.
19
Let h be 32/12 + -3 - (-303)/(-9). Let s = 57 + h. What is the highest common factor of s and 23?
23
Let v be 4/((-201)/(-39) - (-9 - -14)). Let o(d) = -3*d**3 + d**2. Let i be o(-4). What is the highest common divisor of i and v?
26
Suppose 10*j - 209 = 151. Suppose 20*d = 18*d + j. What is the highest common divisor of 2 and d?
2
Let w be (-1 + 12)/(1*(-4)/(-12)). Calculate the highest common factor of w and 33.
33
Let z = -120 - -289. Let j = z - 121. What is the greatest common divisor of j and 6?
6
Suppose -4*r + 5*o - 5 = -23, 4*r - o = 10. Let y be -1*44/r*-1. What is the greatest common divisor of 11 and y?
11
Let p(s) = -s**3 - 10*s**2 + 15*s + 12. Let j be p(-12). Let r = j - 64. Calculate the highest common factor of 8 and r.
8
Let v be (3/2)/(3/48). Suppose 3*f = 2*d - 2*f - 6, 6*d - 2*f = 18. Calculate the highest common divisor of v and d.
3
Let p = 1186 + -1059. Calculate the greatest common divisor of p and 1016.
127
Let a(h) = h**2 + 2*h. Let k be a(-4). Let i = -651 + 1027. Suppose -2*y - 3*x = -132, y + i = 6*y - 4*x. Calculate the highest common factor of y and k.
8
Let g = -20 + 64. Suppose 4*n + 3*u = -0*n + 19, -2*u = -3*n + 10. What is the highest common factor of g and n?
4
Let y = -74 + 98. Calculate the highest common factor of 6 and y.
6
Suppose 4*y = 3*p + 3*y, -y + 1 = -2*p. Suppose -2 = -d + p. Let t be 50/15*(-18)/(-4). Calculate the highest common factor of d and t.
3
Let g be (-5 - -6)*5*49. Suppose -x +